21760 is divided by 10752.
256
What is the remainder when 12078 is divided by 318?
312
What is the remainder when 478 is divided by 151?
25
What is the remainder when 43604 is divided by 258?
2
Calculate the remainder when 5727 is divided by 66.
51
What is the remainder when 18344 is divided by 391?
358
What is the remainder when 30668 is divided by 1229?
1172
Calculate the remainder when 61892 is divided by 41.
23
What is the remainder when 65809 is divided by 21915?
64
What is the remainder when 37519 is divided by 1385?
124
Calculate the remainder when 238536 is divided by 15896.
96
What is the remainder when 44068 is divided by 165?
13
What is the remainder when 5443 is divided by 155?
18
What is the remainder when 1542187 is divided by 10?
7
What is the remainder when 15011 is divided by 4?
3
What is the remainder when 38784 is divided by 86?
84
Calculate the remainder when 105084 is divided by 8756.
12
Calculate the remainder when 15617 is divided by 6584.
2449
Calculate the remainder when 299 is divided by 288.
11
Calculate the remainder when 34355 is divided by 1271.
38
What is the remainder when 13550 is divided by 710?
60
Calculate the remainder when 109362 is divided by 408.
18
Calculate the remainder when 194899 is divided by 4.
3
Calculate the remainder when 1637 is divided by 304.
117
What is the remainder when 51085 is divided by 587?
16
Calculate the remainder when 6872 is divided by 5.
2
What is the remainder when 114138 is divided by 328?
322
What is the remainder when 8157 is divided by 32?
29
What is the remainder when 828051 is divided by 358?
355
Calculate the remainder when 711 is divided by 576.
135
What is the remainder when 1155602 is divided by 83?
76
Calculate the remainder when 1986 is divided by 250.
236
What is the remainder when 3992 is divided by 27?
23
Calculate the remainder when 52028 is divided by 18.
8
What is the remainder when 27750 is divided by 224?
198
What is the remainder when 6080 is divided by 689?
568
What is the remainder when 4391 is divided by 345?
251
What is the remainder when 15675 is divided by 134?
131
Calculate the remainder when 943 is divided by 41.
0
Calculate the remainder when 13238 is divided by 6576.
86
Calculate the remainder when 4719 is divided by 535.
439
Calculate the remainder when 35636 is divided by 120.
116
What is the remainder when 8355 is divided by 31?
16
Calculate the remainder when 1672 is divided by 119.
6
What is the remainder when 162286 is divided by 54089?
19
Calculate the remainder when 13574 is divided by 32.
6
Calculate the remainder when 161555 is divided by 68.
55
What is the remainder when 893560 is divided by 297846?
22
Calculate the remainder when 9942463 is divided by 64.
63
What is the remainder when 39243 is divided by 422?
419
Calculate the remainder when 6538 is divided by 187.
180
Calculate the remainder when 72514 is divided by 23.
18
Calculate the remainder when 82872 is divided by 75.
72
What is the remainder when 2421 is divided by 238?
41
Calculate the remainder when 18897 is divided by 519.
213
What is the remainder when 239163 is divided by 21?
15
Calculate the remainder when 8381 is divided by 8339.
42
What is the remainder when 520221 is divided by 107?
94
Calculate the remainder when 11606 is divided by 887.
75
What is the remainder when 39920 is divided by 9945?
140
What is the remainder when 838004 is divided by 23?
22
What is the remainder when 60441 is divided by 77?
73
What is the remainder when 1688 is divided by 1586?
102
What is the remainder when 16647 is divided by 408?
327
What is the remainder when 133513 is divided by 454?
37
Calculate the remainder when 984 is divided by 143.
126
Calculate the remainder when 395 is divided by 393.
2
What is the remainder when 398129 is divided by 577?
576
Calculate the remainder when 1174 is divided by 212.
114
Calculate the remainder when 90648 is divided by 67.
64
What is the remainder when 2537 is divided by 94?
93
Calculate the remainder when 137135 is divided by 836.
31
What is the remainder when 1688 is divided by 47?
43
Calculate the remainder when 140 is divided by 135.
5
What is the remainder when 1069 is divided by 217?
201
What is the remainder when 1261 is divided by 133?
64
Calculate the remainder when 63474 is divided by 63460.
14
Calculate the remainder when 6499 is divided by 57.
1
Calculate the remainder when 278949 is divided by 177.
174
What is the remainder when 218915 is divided by 95?
35
Calculate the remainder when 16195 is divided by 8095.
5
What is the remainder when 72289 is divided by 124?
121
What is the remainder when 501403 is divided by 9285?
13
What is the remainder when 58714 is divided by 20?
14
Calculate the remainder when 2650 is divided by 2464.
186
Calculate the remainder when 789 is divided by 27.
6
What is the remainder when 21712 is divided by 12?
4
What is the remainder when 814983 is divided by 179?
175
What is the remainder when 292974 is divided by 97640?
54
Calculate the remainder when 181793 is divided by 77.
73
What is the remainder when 51586 is divided by 48?
34
Calculate the remainder when 26069 is divided by 72.
5
Calculate the remainder when 42460 is divided by 7.
5
What is the remainder when 5412 is divided by 5399?
13
What is the remainder when 149394 is divided by 31?
5
Calculate the remainder when 7513 is divided by 2314.
571
What is the remainder when 7259 is divided by 29?
9
Calculate the remainder when 58955 is divided by 464.
27
Calculate the remainder when 18200 is divided by 373.
296
What is the remainder when 5735 is divided by 40?
15
What is the remainder when 61763 is divided by 56?
51
What is the remainder when 1654 is divided by 269?
40
What is the remainder when 16103 is divided by 24?
23
What is the remainder when 629542 is divided by 17?
15
What is the remainder when 3603 is divided by 1032?
507
What is the remainder when 18966 is divided by 6320?
6
Calculate the remainder when 3062912 is divided by 1099.
1098
Calculate the remainder when 7869 is divided by 164.
161
Calculate the remainder when 41621 is divided by 269.
195
What is the remainder when 4652 is divided by 321?
158
Calculate the remainder when 149645 is divided by 1439.
1428
Calculate the remainder when 146123 is divided by 24.
11
What is the remainder when 1676 is divided by 817?
42
What is the remainder when 466238 is divided by 93245?
13
Calculate the remainder when 450117 is divided by 40.
37
What is the remainder when 16614 is divided by 230?
54
What is the remainder when 4462 is divided by 18?
16
What is the remainder when 129684 is divided by 672?
660
Calculate the remainder when 5436 is divided by 5393.
43
What is the remainder when 215942 is divided by 11996?
14
Calculate the remainder when 24175 is divided by 390.
385
Calculate the remainder when 3762 is divided by 542.
510
Calculate the remainder when 168305 is divided by 1177.
1171
What is the remainder when 1818 is divided by 277?
156
What is the remainder when 458655 is divided by 646?
641
What is the remainder when 743902 is divided by 56?
54
Calculate the remainder when 1161 is divided by 379.
24
What is the remainder when 509471 is divided by 241?
238
Calculate the remainder when 5956 is divided by 989.
22
What is the remainder when 1297 is divided by 1287?
10
Calculate the remainder when 160079 is divided by 138.
137
Calculate the remainder when 3200 is divided by 1585.
30
Calculate the remainder when 120359 is divided by 20.
19
What is the remainder when 44710 is divided by 350?
260
What is the remainder when 1641 is divided by 544?
9
What is the remainder when 135367 is divided by 9?
7
Calculate the remainder when 47717 is divided by 123.
116
What is the remainder when 20339 is divided by 432?
35
Calculate the remainder when 50392 is divided by 2015.
17
Calculate the remainder when 5588 is divided by 66.
44
What is the remainder when 4203 is divided by 355?
298
What is the remainder when 882675 is divided by 497?
3
What is the remainder when 3995 is divided by 128?
27
Calculate the remainder when 13355 is divided by 382.
367
Calculate the remainder when 7658 is divided by 378.
98
Calculate the remainder when 68430 is divided by 329.
327
Calculate the remainder when 11694 is divided by